1, 31
Let i(d) = -655*d + 22. List the prime factors of i(-1).
677
Suppose 2*f - 164 = -3*w + 48, 0 = -3*w + 2*f + 232. Suppose -a - 48 = 3*a. Let j = w + a. What are the prime factors of j?
2, 31
Suppose -s + 549 = 3*f - 0*s, 3*f - 543 = -3*s. Suppose 0 = -24*t + 22*t + f. List the prime factors of t.
2, 23
Let j(f) = 4*f**3 - 2*f - 1. Let l be j(-1). Let a be (l/(-1))/(3/5). Suppose 0 = -2*y - 4*d + 12, -a*y + d - 2*d + 12 = 0. List the prime factors of y.
2
Suppose 0 = -w + 5*l - 23, 0 = 5*w + 3*l - 0 + 3. Let p = 6 + w. Suppose -d + 6 = 1, p*r = -d + 53. What are the prime factors of r?
2
Let a = 238 - 248. Suppose -1 = l + 2. Let d = l - a. List the prime factors of d.
7
Let v = -83 - -3199. List the prime factors of v.
2, 19, 41
Suppose 21 = 2*a + 5. Let r(k) = -k**3 + 8*k**2 + 11*k - 6. List the prime factors of r(a).
2, 41
Suppose 16507 = 17*w + 2244. List the prime factors of w.
839
Let s(n) = -3*n + 4. Let u be s(3). Let h(r) = r**3 + 5*r**2 - r - 5. Let d be h(u). Suppose -i - 5 = d, i + 67 = 3*m - 7. List the prime factors of m.
23
Let c(b) = 39*b**2 + 15. What are the prime factors of c(3)?
2, 3, 61
Let g(y) = 19*y**3 + 2*y**2 - 51*y + 333. List the prime factors of g(6).
3, 467
Let t(s) = s**2 - 2*s + 82. List the prime factors of t(-13).
277
Suppose 4*b = 4*z - 2044, 3*z - 2561 = -2*z + 2*b. Suppose 52 + z = 5*c. Let w = c - 47. List the prime factors of w.
2, 3, 11
Suppose 0 = -10*v + 4*v. Suppose 2*r = -5*d - 11, r + v*d + 3*d = -3. What are the prime factors of (120/(-2))/(r/12)?
2, 5
Let d = -2 + 2. Suppose -3*w + 53 - 14 = d. Suppose w*v - 44 = 12*v. List the prime factors of v.
2, 11
Let h be 3 - (2 + (-10 - 0)). Let c = h + -15. List the prime factors of (2/c)/((-4)/288).
2, 3
Let l = -1716 - -3797. List the prime factors of l.
2081
Suppose -4*r + 4*b = -2*r - 1602, 2411 = 3*r + 2*b. List the prime factors of r.
11, 73
Suppose -5*y - 4*p + 26 = 0, -y - 28 = -5*y + 4*p. Suppose -2*l = -y*l + 532. What are the prime factors of l?
7, 19
List the prime factors of 35200/33 + (-39)/(-9) + -4.
11, 97
Let n(t) = -t - 8. Let r be n(-9). Let o(m) = -17*m - r - 2 + 14*m. List the prime factors of o(-7).
2, 3
Suppose -37*c + 851 + 22274 = 0. What are the prime factors of c?
5
Suppose -14 - 2 = 4*s, -s - 12 = -2*x. Suppose -5*a + x*g + 620 = -g, -12 = -4*g. Suppose 5*f - a - 3 = 0. List the prime factors of f.
2, 13
Let w(q) = 65*q**2 - 10*q + 15. List the prime factors of w(2).
3, 5, 17
Let s = 190 + -85. Let v = -68 + s. Suppose v = 5*j + 2*h, -5*j = -4*h - 18 - 13. What are the prime factors of j?
7
What are the prime factors of 181/2 - 14/(-28)?
7, 13
Let z = 180 - -99. List the prime factors of z.
3, 31
What are the prime factors of -1 - (-154 + 0 + -2 + -1)?
2, 3, 13
Suppose -10*z + 8*z = -8. Suppose 5*v = 4*t - 51, t + 5*v = z*t - 37. List the prime factors of t.
2, 7
Suppose 3*n = -k + 10, 0 = -3*k - 3*n + 11 + 1. Let d be 70*k*5/2. Suppose -55 = 6*y - d. What are the prime factors of y?
2, 5
Let m(r) = 6*r**3 + 3*r**2 - 8*r - 9. List the prime factors of m(4).
17, 23
Let k(c) = c**3 - 10*c**2 + c - 5. Let w be k(10). Let b = -9 + w. Let t(z) = z**3 + 6*z**2 + 3*z - 1. What are the prime factors of t(b)?
19
Let u = -258 + 403. What are the prime factors of u?
5, 29
Let b(g) be the first derivative of 2*g**3/3 + 9*g**2/2 + 7*g - 7. Let c be b(-6). Let m = c - -11. List the prime factors of m.
2, 3
Let a(w) = 763*w**3 + w**2 - 1. List the prime factors of a(1).
7, 109
Let i be (1 + -5)*(-1)/2. Suppose -x = -i*x + 32. List the prime factors of x.
2
Suppose 5*f = -494 + 29. List the prime factors of 1*f*(-5)/15.
31
Let a(s) = -2*s + 22. Let b be a(-9). Let m = b + 5. Suppose -100 = -5*y + m. List the prime factors of y.
29
Let v = -8 + 8. Suppose -75 = -r - 4*g, v = 4*r - 0*g + 5*g - 245. What are the prime factors of r?
5, 11
Let p(o) = 4*o + 2. Let i be p(9). Suppose 0 = 4*v - 3*v + i. Let b = v + 69. List the prime factors of b.
31
Suppose -3*s + 703 = 11*t - 7*t, 233 = s + 2*t. What are the prime factors of s?
3, 79
List the prime factors of 10/(-400)*-10 + (-47301)/(-12).
2, 3, 73
Let f(j) = -j + 37. Suppose -102 + 22 = -5*m. What are the prime factors of f(m)?
3, 7
Suppose h = 2*s - 509, -1 = -10*h + 11*h. What are the prime factors of s?
2, 127
Let o = -149 - -209. Suppose 5*s = 3*d - 0*d - 173, d = 4*s + o. What are the prime factors of d?
2, 7
Let l(h) = 17*h**2 + 2*h - 63. List the prime factors of l(-8).
1009
Suppose 2*s + 2*s = 336. Suppose -d = -2*u + 27, -u = 2*d + u + s. Let i = d + 63. What are the prime factors of i?
2, 13
Let p(o) be the first derivative of o**4/4 - 2*o**3 - 5*o**2/2 - 10*o + 12. What are the prime factors of p(7)?
2
Let r be 7/(-2)*-2 + -4. Let q = 0 - -2. Let n = r + q. List the prime factors of n.
5
Let y = -19 - -22. Let m(s) = 2*s**3 + 2*s**2 - 3*s - 3. What are the prime factors of m(y)?
2, 3, 5
Suppose -63*l + 30*l = -121143. What are the prime factors of l?
3671
Let i(y) = y**2 - 8*y - 6. Let h be i(9). Suppose -18 = -2*m + h*q, 4*m + 7 = -5*q + 87. Suppose j = 27 - m. List the prime factors of j.
2, 3
Let n(z) = z + 10. Let k be n(3). Suppose 4*y - k*y = -1575. What are the prime factors of y?
5, 7
Suppose 0 = v - 2 - 1, -2902 = -8*p - 2*v. What are the prime factors of p?
2, 181
Suppose -4*i + 6*t = 7*t - 1622, 0 = 4*i + 2*t - 1620. What are the prime factors of i?
2, 7, 29
Suppose 387 = 3*f + 5*k, k - 378 = -3*f - k. What are the prime factors of f?
2, 31
Let i(f) = -3*f**2 + 708. List the prime factors of i(0).
2, 3, 59
List the prime factors of (-59168)/(-80) + 3/(-5).
739
Suppose -4*v = 4 + 8. Let a be v - 6/(-2) - -3. Suppose 6 = -3*j + 2*r + 104, -4*r - 100 = -a*j. List the prime factors of j.
2
Suppose -5*w + 258 = -3*t, -117 = t - 2*w - 31. Let z = -42 - t. List the prime factors of z.
2, 11
Let p(j) = j**2 + 10*j - 31. What are the prime factors of p(-35)?
2, 211
Let c(z) = -5*z**3 - z**2 + 8*z + 3. Let m(n) = -5*n**3 - n**2 + 7*n + 3. Let w(u) = -3*c(u) + 4*m(u). What are the prime factors of w(-2)?
31
Let y be (6/9)/(4/24). Suppose 6*z - z + y*k = 282, 102 = 2*z - 2*k. What are the prime factors of z?
2, 3
Suppose 2*p = -3*c + 16, -4*p + c = -c - 32. Suppose 5*j + 7 = 2*w, 3*j = 2*w - p - 5. List the prime factors of w.
11
Let a be (5/2)/((-2)/(-24)). Suppose a + 27 = 3*l. List the prime factors of l.
19
Let s(w) be the first derivative of -w**4/4 + 7*w**3/3 + w**2/2 - 5*w - 6. Let f be s(7). Suppose -f*g = -5*g + 99. List the prime factors of g.
3, 11
Let y be -46*(-4)/(-40) - 2/5. List the prime factors of y/10*(-159 - -5).
7, 11
What are the prime factors of 1 - 0 - (-16 + 3 + -396)?
2, 5, 41
Let h(a) = 3*a**2 + 6*a - 13. Let t be h(-7). Let m = 111 - t. List the prime factors of m.
19
Suppose -9*f = -5*f + 392. What are the prime factors of (f/28)/((-1)/14)?
7
Let u = 19 - 19. Suppose -g = v - 78, 4*v - 4 + 0 = u. What are the prime factors of g?
7, 11
Let r(t) = -14*t + 6. Let b be r(2). Let d = 79 + b. What are the prime factors of d?
3, 19
What are the prime factors of 11/((-264)/(-64))*678?
2, 113
Let n = 14 + 10. Let v be (n/32)/(2/88). Let g = -5 + v. List the prime factors of g.
2, 7
Let h = 888 - 853. Suppose -2*s = 2*r - 8, -r - 3*s + s + 7 = 0. Let a = h - r. What are the prime factors of a?
2, 17
Suppose 541 = 4*c - 695. What are the prime factors of c?
3, 103
Let i be ((-2)/8)/(9/(-72)). Suppose z = -i*z + 297. Suppose 0 = -y + 3, z = 3*a - 2*y + 3*y. What are the prime factors of a?
2
Suppose 3*l - 3 = 2*s, 0 = l - 2*s - 2*s + 9. Suppose -5*d + l*d = 2*c - 38, -87 = -3*c + 3*d. What are the prime factors of c?
2, 3
Let x = 104 - 51. Let f = -11 + x. What are the prime factors of f - 3 - (-5 + 3)?
41
Let j = 740 + -421. What are the prime factors of j?
11, 29
What are the prime factors of 2/(48/34108) + (-22)/132?
7, 29
Suppose -2*z = -3*d - 0*z - 11, 4*d - z = -13. What are the prime factors of d + (-17 - -14 - (-82 - -1))?
3, 5
Let w be 6/(-15) + 14/10. Let b be (-36)/27*-3*w. Suppose -7 = a - 0*i + b*i, 0 = -2*i - 6. What are the prime factors of a?
5
Let k = 1016 + -491. List the prime factors of k.
3, 5, 7
Let u(g) = 6*g**2 - 11*g + 22. Let l be u(7). Suppose 2*d - 2*w - 162 = -44, -4*d + 5*w = -l. What are the prime factors of d?
2, 7
Let y = 707 + 